{"id":119,"date":"2026-03-07T21:58:02","date_gmt":"2026-03-07T21:58:02","guid":{"rendered":"https:\/\/tunnos.fi\/?page_id=119"},"modified":"2026-03-16T20:10:57","modified_gmt":"2026-03-16T20:10:57","slug":"kokemuksia","status":"publish","type":"page","link":"https:\/\/tunnos.fi\/index.php\/kokemuksia\/","title":{"rendered":"Kokemuksia"},"content":{"rendered":"\n<div class=\"wp-block-group is-layout-grid wp-container-core-group-is-layout-478b6e6b wp-block-group-is-layout-grid\">\n<blockquote class=\"wp-block-quote is-layout-flow wp-block-quote-is-layout-flow\">\n<p class=\"has-dm-sans-font-family\" style=\"font-size:13px\">Kiitos kannustuksen ja luottamuksen sanoista! Haastavamman vaiheen keskell\u00e4 herk\u00e4sti mieli sumenee eik\u00e4 jaksa n\u00e4hd\u00e4 tuota laajempaa kuvaa.       -Nainen 24v<\/p>\n<\/blockquote>\n\n\n\n<blockquote class=\"wp-block-quote is-layout-flow wp-block-quote-is-layout-flow\">\n<p class=\"has-dm-sans-font-family\" style=\"font-size:13px\">Niin ihana, kun ymm\u00e4rr\u00e4t! Tuntuu t\u00e4rke\u00e4lt\u00e4 saada jakaa n\u00e4it\u00e4, ja saada my\u00f6t\u00e4tuntoa t\u00e4mm\u00f6siin tavallisiin arkipohdintoihin.               -Nainen 20v<\/p>\n<\/blockquote>\n\n\n\n<blockquote class=\"wp-block-quote is-layout-flow wp-block-quote-is-layout-flow\">\n<p class=\"has-dm-sans-font-family\" style=\"font-size:13px\">Sinulla on valtava m\u00e4\u00e4r\u00e4 kapasiteettia n\u00e4iden asioiden k\u00e4sittelyyn, johtop\u00e4\u00e4t\u00f6sten tekemiseen ja niiden ilmaisemiseen.                                -Mies 50v<\/p>\n<\/blockquote>\n\n\n\n<blockquote class=\"wp-block-quote is-layout-flow wp-block-quote-is-layout-flow\">\n<p class=\"has-dm-sans-font-family\" style=\"font-size:13px\">Oli tosi t\u00e4rke\u00e4 kuulla sinun n\u00e4kemyksi\u00e4 t\u00e4h\u00e4n haasteeseen, joka meill\u00e4 on lapsen kanssa. Hoksaan ottaa nyt uusia n\u00e4k\u00f6kulmia huomioon .                   -Nainen 41v<\/p>\n<\/blockquote>\n<\/div>\n\n\n\n<p><\/p>\n","protected":false},"excerpt":{"rendered":"<p>Kiitos kannustuksen ja luottamuksen sanoista! Haastavamman vaiheen keskell\u00e4 herk\u00e4sti mieli sumenee eik\u00e4 jaksa n\u00e4hd\u00e4 tuota laajempaa kuvaa. -Nainen 24v Niin ihana, kun ymm\u00e4rr\u00e4t! Tuntuu t\u00e4rke\u00e4lt\u00e4 saada jakaa n\u00e4it\u00e4, ja saada my\u00f6t\u00e4tuntoa t\u00e4mm\u00f6siin tavallisiin arkipohdintoihin. -Nainen 20v Sinulla on valtava m\u00e4\u00e4r\u00e4 kapasiteettia n\u00e4iden asioiden k\u00e4sittelyyn, johtop\u00e4\u00e4t\u00f6sten tekemiseen ja niiden ilmaisemiseen. -Mies 50v Oli tosi t\u00e4rke\u00e4 kuulla [&hellip;]<\/p>\n","protected":false},"author":1,"featured_media":0,"parent":0,"menu_order":0,"comment_status":"closed","ping_status":"closed","template":"","meta":{"footnotes":""},"class_list":["post-119","page","type-page","status-publish","hentry"],"_links":{"self":[{"href":"https:\/\/tunnos.fi\/index.php\/wp-json\/wp\/v2\/pages\/119","targetHints":{"allow":["GET"]}}],"collection":[{"href":"https:\/\/tunnos.fi\/index.php\/wp-json\/wp\/v2\/pages"}],"about":[{"href":"https:\/\/tunnos.fi\/index.php\/wp-json\/wp\/v2\/types\/page"}],"author":[{"embeddable":true,"href":"https:\/\/tunnos.fi\/index.php\/wp-json\/wp\/v2\/users\/1"}],"replies":[{"embeddable":true,"href":"https:\/\/tunnos.fi\/index.php\/wp-json\/wp\/v2\/comments?post=119"}],"version-history":[{"count":4,"href":"https:\/\/tunnos.fi\/index.php\/wp-json\/wp\/v2\/pages\/119\/revisions"}],"predecessor-version":[{"id":224,"href":"https:\/\/tunnos.fi\/index.php\/wp-json\/wp\/v2\/pages\/119\/revisions\/224"}],"wp:attachment":[{"href":"https:\/\/tunnos.fi\/index.php\/wp-json\/wp\/v2\/media?parent=119"}],"curies":[{"name":"wp","href":"https:\/\/api.w.org\/{rel}","templated":true}]}}